{"id":15607,"date":"2023-09-23T21:28:51","date_gmt":"2023-09-24T02:28:51","guid":{"rendered":"https:\/\/milempaques.com.co\/nuevo\/?post_type=product&#038;p=15607"},"modified":"2025-08-25T10:54:52","modified_gmt":"2025-08-25T15:54:52","slug":"bolsa-dulces-triangular","status":"publish","type":"product","link":"https:\/\/milempaques.com.co\/nuevo\/producto\/bolsa-dulces-triangular\/","title":{"rendered":"Bolsa dulces triangular"},"content":{"rendered":"","protected":false},"excerpt":{"rendered":"<ul>\n<li>Precio de Paquete x 10 unds<\/li>\n<li>celofan.<\/li>\n<li>38 cms de largo (Incluye amarres)<\/li>\n<li>En rosado, rojo, blanco y azul<\/li>\n<li>(dise\u00f1os y colores se env\u00edan seg\u00fan disponibilidad)<\/li>\n<li>Im\u00e1genes de referencia, colores y dise\u00f1os pueden variar<\/li>\n<\/ul>\n","protected":false},"featured_media":19869,"template":"","meta":{"_eb_attr":"","postBodyCss":"","postBodyMargin":[],"postBodyPadding":[],"postBodyBackground":{"backgroundType":"classic","gradient":""},"_joinchat":[]},"product_brand":[],"product_cat":[26,1065,742,1062,1079],"product_tag":[],"class_list":{"0":"post-15607","1":"product","2":"type-product","3":"status-publish","4":"has-post-thumbnail","6":"product_cat-bolsa-celofan","7":"product_cat-bolsas","8":"product_cat-bolsas-plasticas","9":"product_cat-empaques-para-flores","10":"product_cat-tienda","12":"first","13":"instock","14":"shipping-taxable","15":"purchasable","16":"product-type-simple"},"aioseo_notices":[],"_links":{"self":[{"href":"https:\/\/milempaques.com.co\/nuevo\/wp-json\/wp\/v2\/product\/15607","targetHints":{"allow":["GET"]}}],"collection":[{"href":"https:\/\/milempaques.com.co\/nuevo\/wp-json\/wp\/v2\/product"}],"about":[{"href":"https:\/\/milempaques.com.co\/nuevo\/wp-json\/wp\/v2\/types\/product"}],"wp:featuredmedia":[{"embeddable":true,"href":"https:\/\/milempaques.com.co\/nuevo\/wp-json\/wp\/v2\/media\/19869"}],"wp:attachment":[{"href":"https:\/\/milempaques.com.co\/nuevo\/wp-json\/wp\/v2\/media?parent=15607"}],"wp:term":[{"taxonomy":"product_brand","embeddable":true,"href":"https:\/\/milempaques.com.co\/nuevo\/wp-json\/wp\/v2\/product_brand?post=15607"},{"taxonomy":"product_cat","embeddable":true,"href":"https:\/\/milempaques.com.co\/nuevo\/wp-json\/wp\/v2\/product_cat?post=15607"},{"taxonomy":"product_tag","embeddable":true,"href":"https:\/\/milempaques.com.co\/nuevo\/wp-json\/wp\/v2\/product_tag?post=15607"}],"curies":[{"name":"wp","href":"https:\/\/api.w.org\/{rel}","templated":true}]}}