{"id":15708,"date":"2023-10-09T10:26:27","date_gmt":"2023-10-09T15:26:27","guid":{"rendered":"https:\/\/milempaques.com.co\/nuevo\/?post_type=product&#038;p=15708"},"modified":"2025-08-17T07:32:31","modified_gmt":"2025-08-17T12:32:31","slug":"maletines-primavera","status":"publish","type":"product","link":"https:\/\/milempaques.com.co\/nuevo\/producto\/maletines-primavera\/","title":{"rendered":"Maletines primavera"},"content":{"rendered":"","protected":false},"excerpt":{"rendered":"<ul>\n<li>Cart\u00f3n<\/li>\n<li>Cumplea\u00f1os, super h\u00e9roes, Mickey, feliz d\u00eda<\/li>\n<li>Precio de paquete x 6 unds de un solo motivo\/ dise\u00f1o<\/li>\n<li>En las notas del pedido indique motivos: cumplea\u00f1os, super h\u00e9roes, Mickey, feliz d\u00eda.<\/li>\n<li><em>Im\u00e1genes de referencia, los dise\u00f1os pueden variar.<\/em><\/li>\n<\/ul>\n","protected":false},"featured_media":17763,"template":"","meta":{"_eb_attr":"","postBodyCss":"","postBodyMargin":[],"postBodyPadding":[],"postBodyBackground":{"backgroundType":"classic","gradient":""},"_joinchat":[]},"product_brand":[],"product_cat":[1067,749,1071,1079],"product_tag":[861],"class_list":{"0":"post-15708","1":"product","2":"type-product","3":"status-publish","4":"has-post-thumbnail","6":"product_cat-cajas","7":"product_cat-cajas-para-regalo","8":"product_cat-empaques-alimentos","9":"product_cat-tienda","10":"product_tag-maletines-primavera","12":"first","13":"instock","14":"shipping-taxable","15":"purchasable","16":"product-type-variable"},"aioseo_notices":[],"_links":{"self":[{"href":"https:\/\/milempaques.com.co\/nuevo\/wp-json\/wp\/v2\/product\/15708","targetHints":{"allow":["GET"]}}],"collection":[{"href":"https:\/\/milempaques.com.co\/nuevo\/wp-json\/wp\/v2\/product"}],"about":[{"href":"https:\/\/milempaques.com.co\/nuevo\/wp-json\/wp\/v2\/types\/product"}],"wp:featuredmedia":[{"embeddable":true,"href":"https:\/\/milempaques.com.co\/nuevo\/wp-json\/wp\/v2\/media\/17763"}],"wp:attachment":[{"href":"https:\/\/milempaques.com.co\/nuevo\/wp-json\/wp\/v2\/media?parent=15708"}],"wp:term":[{"taxonomy":"product_brand","embeddable":true,"href":"https:\/\/milempaques.com.co\/nuevo\/wp-json\/wp\/v2\/product_brand?post=15708"},{"taxonomy":"product_cat","embeddable":true,"href":"https:\/\/milempaques.com.co\/nuevo\/wp-json\/wp\/v2\/product_cat?post=15708"},{"taxonomy":"product_tag","embeddable":true,"href":"https:\/\/milempaques.com.co\/nuevo\/wp-json\/wp\/v2\/product_tag?post=15708"}],"curies":[{"name":"wp","href":"https:\/\/api.w.org\/{rel}","templated":true}]}}